{"id":9,"date":"2021-04-03T21:55:03","date_gmt":"2021-04-03T19:55:03","guid":{"rendered":"https:\/\/www.kompastrecno.sk\/?page_id=9"},"modified":"2025-03-20T21:20:02","modified_gmt":"2025-03-20T20:20:02","slug":"kompa-strecno","status":"publish","type":"page","link":"https:\/\/www.kompastrecno.sk\/","title":{"rendered":"Vitajte"},"content":{"rendered":"<p><img src=\"https:\/\/www.kompastrecno.sk\/wp-content\/uploads\/2021\/04\/kompa-strecno.png\" alt=\"kompa-strecno\" \/><br \/>\n-27<br \/>\nfadeIn<\/p>\n<p>Heading + desc<br \/>\n<i class=\"\" style=\"\" aria-hidden=\"true\"><\/i><\/p>\n<i class=\"\" style=\"\" aria-hidden=\"true\"><\/i>\n<i class=\"\" style=\"\" aria-hidden=\"true\"><\/i>\n<i class=\"\" style=\"\" aria-hidden=\"true\"><\/i>\n<i class=\"\" style=\"\" aria-hidden=\"true\"><\/i>\n<hr class=\"no_line\" style=\"margin: 0 auto 0px auto\"\/>\n\n<p>Znovuuveden\u00e1 Kompa Stre\u010dno prev\u00e1dzku finan\u010dne podporil <a href=\"https:\/\/www.zilinskazupa.sk\/\" target=\"_blank\" rel=\"noopener\"> \u017dilinsk\u00fd samospr\u00e1vny kraj.<\/a><\/p>\n<p><hr class=\"no_line\" style=\"margin: 0 auto 0px auto\"\/>\n<br \/>\n#001a3e<br \/>\nhttps:\/\/www.kompastrecno.sk\/wp-content\/uploads\/2021\/04\/zsk-239-1.png<br \/>\nno-repeat;right bottom;;<br \/>\nauto<br \/>\n30px 10% 45px<\/p>\n<p>Heading + desc<br \/>\n<i class=\"\" style=\"\" aria-hidden=\"true\"><\/i><\/p>\n<i class=\"\" style=\"\" aria-hidden=\"true\"><\/i>\n<i class=\"\" style=\"\" aria-hidden=\"true\"><\/i>\n<i class=\"\" style=\"\" aria-hidden=\"true\"><\/i>\n<i class=\"\" style=\"\" aria-hidden=\"true\"><\/i>\n<hr class=\"no_line\" style=\"margin: 0 auto 0px auto\"\/>\n\n<h3>Znovuuveden\u00e1 Kompa Stre\u010dno prev\u00e1dzku finan\u010dne podporil <a href=\"https:\/\/www.zilinskazupa.sk\/\" target=\"_blank\" rel=\"noopener\"> \u017dilinsk\u00fd samospr\u00e1vny kraj.<\/a><\/h3>\n<p><hr class=\"no_line\" style=\"margin: 0 auto 0px auto\"\/>\n<br \/>\ncenter<br \/>\n#001a3e<br \/>\nhttp:\/\/web-exam.eu\/betheme\/wp-content\/uploads\/2020\/11\/zsk-239-1.png<br \/>\nno-repeat;center bottom;;<br \/>\nauto<br \/>\n30px 10% 65px<\/p>\n<p>Heading + desc<\/p>\n<h2>Otv\u00e1racie hodiny Kompa Stre\u010dno<\/h2>\n<hr class=\"no_line\" style=\"margin: 0 auto 0px auto\"\/>\n\n<div class=\"column one-third mobile-one\"><div class=\"mcb-column-inner\"><\/p>\n<h3>jarn\u00e1 sez\u00f3na<\/h3>\n<p>marec: od 9:00 do 16:00<\/p>\n<p>apr\u00edl: od 8:00 do 17:00<\/p>\n<p>m\u00e1j: od 8:00 do 19:00<\/p>\n<p><hr class=\"no_line\" style=\"margin: 0 auto 0px auto\"\/>\n<\/div><\/div>\n\n<div class=\"column one-third mobile-one\"><div class=\"mcb-column-inner\"><\/p>\n<h3>letn\u00e1 sez\u00f3na<\/h3>\n<p>J\u00fan: od 8:00 do 20:00<\/p>\n<p>J\u00fal: od 8:00 do 20:00<\/p>\n<p>August: od 8:00 do 20:00<\/p>\n<p><hr class=\"no_line\" style=\"margin: 0 auto 0px auto\"\/>\n<\/div><\/div>\n\n<div class=\"column one-third mobile-one\"><div class=\"mcb-column-inner\">\n<h3>jesenn\u00e1 sez\u00f3na<\/h3>\n<p>September: od 8:00 do 19:00<\/p>\n<p>Okt\u00f3ber: od 8:00 do 18:00<\/p>\n<p>November: od 9:00 do 15:00<\/p>\n<p><hr class=\"no_line\" style=\"margin: 0 auto 0px auto\"\/>\n<\/div><\/div>\n<br \/>\nno-repeat;left top;;<br \/>\nauto<\/p>\n<h4>DECEMBER, JANU\u00c1R, FEBRU\u00c1R &#8211; \u00dapln\u00e1 uz\u00e1vera<\/h4>\n<p>left<br \/>\nno-repeat;left top;;<br \/>\nauto<\/p>\n<p>Heading + desc<\/p>\n<h2>Inform\u00e1cie &#8211; Kompa Stre\u010dno<\/h2>\n<p>no-repeat;left top;;<br \/>\nauto<\/p>\n<p>V\u00fdhody prevozu: u\u017eijete kr\u00e1sy okolia z najlep\u0161\u00edch vyhliadok na panor\u00e1mu<\/p>\n<p>m\u00f4\u017eete sa vyhn\u00fa\u0165 kol\u00f3nam<\/p>\n<p>skr\u00e1tite si cestu do\/z Terchovej.<\/p>\n<p>Mo\u017enosti pre turistov: mo\u017enos\u0165 vyhliadkov\u00fdch plavieb pre turistov<\/p>\n<p>mo\u017enos\u0165 vyhliadkov\u00fdch plavieb pre \u017eiakov a \u0161tudentov<\/p>\n<p>mo\u017enos\u0165 atrakt\u00edvneho priestoru pre Va\u0161u reklamu<\/p>\n<p>Technick\u00e9 parametre: d\u013a\u017eka 21,9 m, kapacita 6 osobn\u00fdch vozidiel a 40 os\u00f4b, nosnos\u0165 20 t.<\/p>\n<p>Na prepravu m\u00e1 vplyv v\u00fd\u0161ka vodnej hladiny, sila a smer vetra.<\/p>\n<p>D\u00f4le\u017eit\u00e9 upozornenie: Prev\u00e1dzkovate\u013e nezodpoved\u00e1 za \u0161kody sp\u00f4soben\u00e9 po\u010das n\u00e1stupu a v\u00fdstupu z plavidla, pokia\u013e vodi\u010d nedodr\u017e\u00ed pokyny obsluhy!<\/p>\n<p>Kompa prem\u00e1va aj \u010diasto\u010dne obsaden\u00e1 bez vy\u010dk\u00e1vania na \u010fal\u0161\u00edch pasa\u017eierov.<\/p>\n<p><a href=\"https:\/\/kompastrecno.sk\/wp-content\/uploads\/2021\/pravidla.pdf\" target=\"_blank\" rel=\"noopener\">Pravidl\u00e1<\/a> prievozu<\/p>\n<p>Heading<\/p>\n<h2>Cenn\u00edk prepravy &#8211; Kompa Stre\u010dno<\/h2>\n<p>&nbsp;<\/p>\n<h3>POZOR: PLAT\u00cd SA DOPRAVN\u00dd PROSTRIEDOK A KA\u017dD\u00c1 OSOBA STAR\u0160IA AKO 3 ROKY.<\/h3>\n<p>no-repeat;left top;;<br \/>\nauto<\/p>\n<p>default<\/p>\n<p>icon-lamp<br \/>\n<img src=\"https:\/\/www.kompastrecno.sk\/wp-content\/uploads\/2021\/04\/child.png\" alt=\"Kompa Stre\u010dno prevoz cez rieku\" \/><br \/>\nOsoby od 3r.cena: 0,5\u20ac<br \/>\n2<\/p>\n<p>icon-lamp<br \/>\n<img src=\"https:\/\/www.kompastrecno.sk\/wp-content\/uploads\/2021\/04\/5.-Coupe-car.png\" alt=\"osobn\u00e9 auto kompa stre\u010dno\" \/><br \/>\nOsobn\u00e9 auto s vodi\u010domcena: 3,5\u20ac<br \/>\n2<\/p>\n<p>icon-lamp<br \/>\n<img src=\"https:\/\/www.kompastrecno.sk\/wp-content\/uploads\/2021\/04\/30.-Motor-Sport.png\" alt=\"Motorka Kompa Stre\u010dno prevoz\" \/><br \/>\nMotorka s vodi\u010domcena: 2,00\u20ac<br \/>\n2<\/p>\n<p>20<br \/>\ndefault<\/p>\n<p>icon-lamp<br \/>\n<img src=\"https:\/\/www.kompastrecno.sk\/wp-content\/uploads\/2021\/04\/vozik-copy.png\" alt=\"vozik-copy\" \/><br \/>\nPr\u00edvesn\u00fd voz\u00edkcena: 1,50\u20ac<br \/>\n2<\/p>\n<p>icon-lamp<br \/>\n<img src=\"https:\/\/www.kompastrecno.sk\/wp-content\/uploads\/2021\/04\/29.-Trailer.png\" alt=\"29.-Trailer\" \/><br \/>\nN\u00e1kladn\u00e9 auto s vodi\u010dom do 3,5tcena: 4,5\u20ac<br \/>\n2<\/p>\n<p>icon-lamp<br \/>\n<img src=\"https:\/\/www.kompastrecno.sk\/wp-content\/uploads\/2021\/04\/29.-Trailer.png\" alt=\"29.-Trailer\" \/><br \/>\nN\u00e1kladn\u00e9 auto s vodi\u010dom do 7,5tcena: 6,5\u20ac<br \/>\n2<\/p>\n<p>30<br \/>\ndefault<\/p>\n<p>icon-lamp<br \/>\n<img src=\"https:\/\/www.kompastrecno.sk\/wp-content\/uploads\/2021\/04\/19.-RV-car.png\" alt=\"19.-RV-car\" \/><br \/>\nKaravan s vodi\u010domcena: 6,5\u20ac<br \/>\n2<\/p>\n<p>icon-lamp<br \/>\n<img src=\"https:\/\/www.kompastrecno.sk\/wp-content\/uploads\/2021\/04\/18.-Trailer.png\" alt=\"Obytn\u00fd pr\u00edves Kompa Stre\u010dno\" \/><br \/>\nObytn\u00fd pr\u00edvescena: 3\u20ac<br \/>\n2<\/p>\n<p>icon-lamp<br \/>\n<img src=\"https:\/\/www.kompastrecno.sk\/wp-content\/uploads\/2021\/04\/stvorkolka-2.png\" alt=\"stvorkolka-2\" \/><br \/>\n\u0160tvorkolka s vodi\u010domcena: 3,00\u20ac<br \/>\n2<\/p>\n<h3>*cenn\u00edk platn\u00fd pre sez\u00f3nu 2021<\/h3>\n<p>no-repeat;left top;;<br \/>\nauto<\/p>\n<hr class=\"no_line\" style=\"margin: 0 auto 0px auto\"\/>\n\n<h2>OB\u010cERSTVENIE &#8211; Kompa Stre\u010dno<\/h2>\n<p>&nbsp;<\/p>\n<h3>Pon &#8211; Ne: 9:00 &#8211; 22:00<\/h3>\n<p>Pr\u00edjemn\u00e9 posedenie na terase, najbli\u017e\u0161ie pri rieke V\u00e1h.<br \/>\ncenter<br \/>\nno-repeat;left top;;<br \/>\nauto<\/p>\n<p>30<br \/>\ndefault<\/p>\n<h4>Nealkoholick\u00e9 n\u00e1poje<\/h4>\n<p><img src=\"\/wp-content\/uploads\/2021\/04\/kofola-1.jpeg\" alt=\"\" \/><\/p>\n<h4>Kofola ORIGINAL<\/h4>\n<p>Origin\u00e1lna \u010dapovan\u00e1 kofola<\/p>\n<h4>Miner\u00e1lky RAJEC<\/h4>\n<p>Nes\u00fdten\u00e1, jemne s\u00fdtena a s\u00fdten\u00e1<br \/>\nno-repeat;left top;;<br \/>\nauto<\/p>\n<h4>K\u00e1va a \u010daj<\/h4>\n<p><img src=\"\/wp-content\/uploads\/2021\/04\/kava.jpeg\" alt=\"\" \/><\/p>\n<h4>Nescafe ORIGINAL<\/h4>\n<p>K\u00e1va zalievan\u00e1, espresso<\/p>\n<h4>\u010caj V\u00ddBER<\/h4>\n<p>Hor\u00face jab\u013a\u010dko, \u0161korica<br \/>\nno-repeat;left top;;<br \/>\nauto<\/p>\n<h4>Alkoholick\u00e9 n\u00e1poje<\/h4>\n<p><img src=\"\/wp-content\/uploads\/2021\/04\/pivo.jpeg\" alt=\"\" \/><\/p>\n<h4>Pivo PALATIN<\/h4>\n<p>\u010capovan\u00e9 alko aj nealko<\/p>\n<h4>V\u00edno a ALKOHOL<\/h4>\n<p>biele, \u010derven\u00e9 such\u00e9, Mie\u0161an\u00e9 n\u00e1poje, drinky, \u0161irok\u00fd sortiment<br \/>\nno-repeat;left top;;<br \/>\nauto<\/p>\n<h4>Novinky 2021<\/h4>\n<p><img src=\"\/wp-content\/uploads\/2021\/04\/croissant.jpeg\" alt=\"\" \/><\/p>\n<h4>Pizza ORIGINAL<\/h4>\n<p>8 druhov na v\u00fdber<\/p>\n<h4>Rann\u00fd zvyk<\/h4>\n<p>rann\u00e1 k\u00e1vi\u010dka s croassantom<\/p>\n<h4>Desiata NOVINKA<\/h4>\n<p>3 druhy desiatov\u00fdch polievok<br \/>\nno-repeat;left top;;<br \/>\nauto<\/p>\n<h4>Tepl\u00e9 jedl\u00e1<\/h4>\n<p><img src=\"\/wp-content\/uploads\/2021\/04\/rezen.jpeg\" alt=\"\" \/><\/p>\n<h4>M\u00e4sit\u00e9 JEDL\u00c1<\/h4>\n<p>reze\u0148, kr\u00eddelka, pikantn\u00e9 rebr\u00e1<\/p>\n<h4>Nem\u00e4sit\u00e9 JEDL\u00c1<\/h4>\n<p>oba\u013eovan\u00fd syr<\/p>\n<h4>Pe\u010den\u00e1 KLOB\u00c1SA<\/h4>\n<p>dom\u00e1ci v\u00fdrobok<br \/>\nno-repeat;left top;;<br \/>\nauto<\/p>\n<h4>Sladk\u00e9 a slan\u00e9<\/h4>\n<p><img src=\"\/wp-content\/uploads\/2021\/04\/korbacik.jpeg\" alt=\"\" \/><\/p>\n<h4>R\u00f4zne POCHUTINY<\/h4>\n<p>chrumky, orie\u0161ky, pist\u00e1cie<\/p>\n<h4>Z\u00e1zrivsk\u00e9 KORB\u00c1\u010cE<\/h4>\n<p>\u00faden\u00e9, ne\u00faden\u00e9<\/p>\n<h4>Zmrlina PRIMA<\/h4>\n<p>\u0161irok\u00fd sortiment nanukov<br \/>\nno-repeat;left top;;<br \/>\nauto<\/p>\n<h4>Klasiky<\/h4>\n<p><img src=\"\/wp-content\/uploads\/2021\/04\/hotdog.jpeg\" alt=\"\" \/><\/p>\n<h4>Hot-dog ORIGINAL<\/h4>\n<p>hor\u010dica, ketchup, &#8230;<\/p>\n<h4>Hranolky McCain<\/h4>\n<p>origin\u00e1l vr\u00fabkovan\u00e9<br \/>\nno-repeat;left top;;<br \/>\nauto<\/p>\n<p>Heading<\/p>\n<h3>Registrovanie ob\u010danov Stre\u010dna a Nezbudskej L\u00fa\u010dky<\/h3>\n<p>center<br \/>\nno-repeat;left top;;<br \/>\nauto<\/p>\n<p><img src=\"https:\/\/www.kompastrecno.sk\/wp-content\/uploads\/2021\/04\/kompa-strecno-vyhoda.jpg\" alt=\"kompa-strecno-vyhoda\" \/><br \/>\nz\u00edskavate<br \/>\nV\u00fdhodn\u00fa cenu za prevoz<\/p>\n<p><img src=\"https:\/\/www.kompastrecno.sk\/wp-content\/uploads\/2021\/04\/kompa-strecno-vyhoda-2.jpg\" alt=\"kompa-strecno-vyhoda-2\" \/><br \/>\nz\u00edskavate<br \/>\nIdentifika\u010dn\u00fd preukaz<\/p>\n<p><img src=\"https:\/\/www.kompastrecno.sk\/wp-content\/uploads\/2021\/04\/kompa-strecno-vyhoda-3.jpg\" alt=\"kompa-strecno-vyhoda-3\" \/><br \/>\nz\u00edskavate<br \/>\nSt\u00e1lu infomovanos\u0165<\/p>\n","protected":false},"excerpt":{"rendered":"<p>-27 fadeIn Heading + desc Znovuuveden\u00e1 Kompa Stre\u010dno prev\u00e1dzku finan\u010dne podporil \u017dilinsk\u00fd samospr\u00e1vny kraj. #001a3e https:\/\/www.kompastrecno.sk\/wp-content\/uploads\/2021\/04\/zsk-239-1.png no-repeat;right bottom;; auto 30px 10% 45px Heading + desc Znovuuveden\u00e1<span class=\"excerpt-hellip\"> [\u2026]<\/span><\/p>\n","protected":false},"author":1,"featured_media":0,"parent":0,"menu_order":0,"comment_status":"closed","ping_status":"closed","template":"","meta":{"_monsterinsights_skip_tracking":false,"_monsterinsights_sitenote_active":false,"_monsterinsights_sitenote_note":"","_monsterinsights_sitenote_category":0},"yoast_head":"<!-- This site is optimized with the Yoast SEO plugin v16.1.1 - https:\/\/yoast.com\/wordpress\/plugins\/seo\/ -->\n<title>Kompa Stre\u010dno - Preprava cez rieku V\u00e1h - www.kompastrecno.sk<\/title>\n<meta name=\"description\" content=\"Jedine\u010dn\u00e1 preprava cez rieku V\u00e1h s v\u00fdh\u013eadom na hrad Stre\u010dno. Kompa Stre\u010dno taktie\u017e pon\u00faka na pobre\u017e\u00ed ob\u010derstvenie v bufete a terasu.\" \/>\n<link rel=\"canonical\" href=\"https:\/\/www.kompastrecno.sk\/\" \/>\n<meta property=\"og:locale\" content=\"sk_SK\" \/>\n<meta property=\"og:type\" content=\"article\" \/>\n<meta property=\"og:title\" content=\"Kompa Stre\u010dno - jedine\u010dn\u00fd prievoz cez rieku V\u00e1h\" \/>\n<meta property=\"og:description\" content=\"Jedine\u010dn\u00e1 preprava cez rieku V\u00e1h s v\u00fdh\u013eadom na hrad Stre\u010dno. Kompa Stre\u010dno taktie\u017e pon\u00faka na pobre\u017e\u00ed ob\u010derstvenie v bufete a terasu.\" \/>\n<meta property=\"og:url\" content=\"https:\/\/www.kompastrecno.sk\/\" \/>\n<meta property=\"og:site_name\" content=\"Kompa Stre\u010dno\" \/>\n<meta property=\"article:modified_time\" content=\"2025-03-20T20:20:02+00:00\" \/>\n<meta property=\"og:image\" content=\"https:\/\/www.kompastrecno.sk\/wp-content\/uploads\/2021\/04\/kompa-galeria-3.jpg\" \/>\n\t<meta property=\"og:image:width\" content=\"783\" \/>\n\t<meta property=\"og:image:height\" content=\"525\" \/>\n<meta name=\"twitter:card\" content=\"summary_large_image\" \/>\n<meta name=\"twitter:label1\" content=\"Predpokladan\u00fd \u010das \u010d\u00edtania\">\n\t<meta name=\"twitter:data1\" content=\"2 min\u00faty\">\n<script type=\"application\/ld+json\" class=\"yoast-schema-graph\">{\"@context\":\"https:\/\/schema.org\",\"@graph\":[{\"@type\":\"WebSite\",\"@id\":\"https:\/\/www.kompastrecno.sk\/#website\",\"url\":\"https:\/\/www.kompastrecno.sk\/\",\"name\":\"Kompa Stre\\u010dno\",\"description\":\"Len \\u010fal\\u0161ia WordPress str\\u00e1nka\",\"potentialAction\":[{\"@type\":\"SearchAction\",\"target\":\"https:\/\/www.kompastrecno.sk\/?s={search_term_string}\",\"query-input\":\"required name=search_term_string\"}],\"inLanguage\":\"sk-SK\"},{\"@type\":\"ImageObject\",\"@id\":\"https:\/\/www.kompastrecno.sk\/#primaryimage\",\"inLanguage\":\"sk-SK\",\"url\":\"https:\/\/www.kompastrecno.sk\/wp-content\/uploads\/2021\/04\/kompa-galeria-3.jpg\",\"contentUrl\":\"https:\/\/www.kompastrecno.sk\/wp-content\/uploads\/2021\/04\/kompa-galeria-3.jpg\",\"width\":783,\"height\":525},{\"@type\":\"WebPage\",\"@id\":\"https:\/\/www.kompastrecno.sk\/#webpage\",\"url\":\"https:\/\/www.kompastrecno.sk\/\",\"name\":\"Kompa Stre\\u010dno - Preprava cez rieku V\\u00e1h - www.kompastrecno.sk\",\"isPartOf\":{\"@id\":\"https:\/\/www.kompastrecno.sk\/#website\"},\"primaryImageOfPage\":{\"@id\":\"https:\/\/www.kompastrecno.sk\/#primaryimage\"},\"datePublished\":\"2021-04-03T19:55:03+00:00\",\"dateModified\":\"2025-03-20T20:20:02+00:00\",\"description\":\"Jedine\\u010dn\\u00e1 preprava cez rieku V\\u00e1h s v\\u00fdh\\u013eadom na hrad Stre\\u010dno. Kompa Stre\\u010dno taktie\\u017e pon\\u00faka na pobre\\u017e\\u00ed ob\\u010derstvenie v bufete a terasu.\",\"breadcrumb\":{\"@id\":\"https:\/\/www.kompastrecno.sk\/#breadcrumb\"},\"inLanguage\":\"sk-SK\",\"potentialAction\":[{\"@type\":\"ReadAction\",\"target\":[\"https:\/\/www.kompastrecno.sk\/\"]}]},{\"@type\":\"BreadcrumbList\",\"@id\":\"https:\/\/www.kompastrecno.sk\/#breadcrumb\",\"itemListElement\":[{\"@type\":\"ListItem\",\"position\":1,\"item\":{\"@type\":\"WebPage\",\"@id\":\"https:\/\/www.kompastrecno.sk\/\",\"url\":\"https:\/\/www.kompastrecno.sk\/\",\"name\":\"Home\"}},{\"@type\":\"ListItem\",\"position\":2,\"item\":{\"@type\":\"WebPage\",\"@id\":\"https:\/\/www.kompastrecno.sk\/\",\"url\":\"https:\/\/www.kompastrecno.sk\/\",\"name\":\"Kompa Stre\\u010dno\"}}]}]}<\/script>\n<!-- \/ Yoast SEO plugin. -->","_links":{"self":[{"href":"https:\/\/www.kompastrecno.sk\/index.php?rest_route=\/wp\/v2\/pages\/9"}],"collection":[{"href":"https:\/\/www.kompastrecno.sk\/index.php?rest_route=\/wp\/v2\/pages"}],"about":[{"href":"https:\/\/www.kompastrecno.sk\/index.php?rest_route=\/wp\/v2\/types\/page"}],"author":[{"embeddable":true,"href":"https:\/\/www.kompastrecno.sk\/index.php?rest_route=\/wp\/v2\/users\/1"}],"replies":[{"embeddable":true,"href":"https:\/\/www.kompastrecno.sk\/index.php?rest_route=%2Fwp%2Fv2%2Fcomments&post=9"}],"version-history":[{"count":5,"href":"https:\/\/www.kompastrecno.sk\/index.php?rest_route=\/wp\/v2\/pages\/9\/revisions"}],"predecessor-version":[{"id":99,"href":"https:\/\/www.kompastrecno.sk\/index.php?rest_route=\/wp\/v2\/pages\/9\/revisions\/99"}],"wp:attachment":[{"href":"https:\/\/www.kompastrecno.sk\/index.php?rest_route=%2Fwp%2Fv2%2Fmedia&parent=9"}],"curies":[{"name":"wp","href":"https:\/\/api.w.org\/{rel}","templated":true}]}}